2)
2
Calculate 10 - ((-3 - -13) + 6) - -12.
6
What is the value of 8 - ((-2 - 2) + 28)?
-16
(0 - -4) + (-34 - -25) + 14
9
Evaluate -1 + (1 - -1) + (3 - -10) + -8.
6
Evaluate 5 + (15 - (-14 - -33)).
1
-2 + (4 - (-1 - (-11 - (-2 + 1))))
-7
Calculate -5 - 3 - (-14 + -7).
13
What is (-12 - (30 + -47)) + -4 + 1?
2
-8 + 10 + 9 + (-2 - 5)
4
Evaluate 2 - (13 + -2 + -2 + -5 + 20).
-22
Calculate (-15 - 0) + 38 + 16 + -38.
1
What is 1 + -14 - (-169 + 154)?
2
What is the value of 7 + -23 + (-21 - -29)?
-8
Calculate 27 + -32 - (-19 - 2).
16
What is the value of 7 + (-8 - 2) + 2 + (-1 - -4)?
2
Evaluate (-7 - -2) + (-19 - -31).
7
What is the value of -5 + 4 - 11 - 8?
-20
Calculate -4063 + 4066 - (2 + 35 + -1 + 0).
-33
38 + -35 + (-15 - (10 + -9))
-13
Evaluate -19 - (-28 - 6 - -31).
-16
What is the value of (-10 - -8) + 2 + -15 + -6?
-21
Calculate -3 + 4 + -17 + 18 - -21.
23
What is -3 + 0 + -4 + 0 + (13 - 11)?
-5
What is 15 + 5 - 28 - (1 - -7)?
-16
Evaluate -10 + (-25 + 40 - -15).
20
Evaluate -36 + (-32 - -24) + 29.
-15
What is the value of 2 - (5 - -3) - (-61 - -44 - -41)?
-30
What is the value of -2 + -8 + -25 + 16 + (-6 - -1)?
-24
-15 + 2 + 11 + 4 - 9
-7
What is -43 + 8 + 26 + 7?
-2
What is the value of (211 - 211) + (-14 + -1 - (1 - 0))?
-16
What is (27 - 23) + (6 - -3)?
13
Evaluate 1436 - 1450 - (0 - 2).
-12
Evaluate -11 + (-8 - (8 + (-2 - (6 + 1)))).
-18
Calculate 14 + (21 + -7 - 6).
22
Calculate 25 + (5 - -20 - 13) + -18.
19
Calculate (-9 - -2) + -22 + (25 - -21).
17
What is the value of (1 - 4) + (0 - (-5 + 2))?
0
-14 - (-1 - (0 + 10))
-3
Evaluate -9 + (24 + 9 - 17).
7
Calculate -10 + 6 + -7 + 1 - -31.
21
What is the value of 10 - 2 - ((9 - -3) + -7 - 4)?
7
Evaluate (4 - (-10 - -9)) + 9 - 1.
13
What is the value of -5 - (0 + -1) - ((8 - 8) + 2)?
-6
What is the value of 8 - 9 - (0 + 0 + -3 + 2)?
0
Calculate 8 - (-4 - -10 - 5).
7
What is the value of (7 + (-6 - 0) - -2) + -10 + 12?
5
What is the value of -8 - (13 - (-7 + 21))?
-7
Calculate 54 + -95 - -46 - (-1 + -19).
25
What is 43 + 15 + -26 + 1?
33
What is 0 + -10 - (10 + -17 - (1 - 4))?
-6
What is the value of -2 - 4 - (-2 - 6)?
2
Evaluate (1 + -40 - -20) + 33.
14
Calculate -5 + -15 - (-220 - -215).
-15
Calculate -17 + 2 + 2 + -17 + 17.
-13
402 + -379 + (10 - (3 - 2))
32
Evaluate 291 + -292 + 3 + -23.
-21
Calculate (5 - -1) + -591 + 596.
11
Calculate (-12 - -1) + (0 + -2 - (-81 + 75)).
-7
What is the value of 1 + -1 - (-18 + (15 - 6)) - 8?
1
Calculate -8 + (-15 + -11 + 17 - 0).
-17
Calculate (-243 - -212) + 2 + 6.
-23
Calculate (-4 - (-8 - -12) - -24) + (-1 - 2).
13
What is (45 + -46 - (-4 + -4)) + 15 + 0?
22
Calculate (-9 - -1) + 12 - (2 + -4 - -2).
4
13 + -13 + (5 - 0 - (23 + -9))
-9
Evaluate (-4 - -4) + (-5 - -4) + 5 + 0.
4
-3 - ((-15 - 13) + 10) - (-1 + 4)
12
What is 18 + 0 - (-5 - (20 - 33))?
10
Evaluate (3 - 2) + -4 + (1 - -4) - 2.
0
360 + -347 - (19 - -1)
-7
Calculate -2 + (-43 + 50 - (-8 - -2)).
11
What is the value of 5 + -24 + 14 + -3?
-8
3 + (12 + -3 - -2) - (0 - 0)
14
Calculate -16 - (-23 - (-6 + -7)).
-6
Calculate 0 - (9 - (-15 + 22) - 12).
10
What is the value of 32 + (-27 - -10) + -8?
7
Calculate -10 + (-25 + 16 - 0).
-19
(-2 - 10) + (-342 - -357)
3
What is the value of (-4 - ((-10 - -5) + -1) - -2) + 7?
11
Evaluate -75 + 69 + 18 + -3.
9
What is the value of -20 + 27 + 2 + -12 - 17?
-20
What is the value of (9 - 0 - (75 + -67)) + 2 + 10?
13
(-3 - 16) + 1 - -20
2
What is 3 - (-2 + -12) - (17 + -6 - 4)?
10
What is the value of (-23 - -31) + (-3 - -4)?
9
Evaluate -8 + 0 + 40 + -10 + -1.
21
Evaluate 8 + (-5 + -11 - -8).
0
What is the value of -5 + 5 - 12 - (-2 + -16 + 22)?
-16
What is the value of (-9 - (21 - 64)) + -32?
2
(-3 - (11 + -18)) + (3 - (-3 - 21))
31
14 + -32 - (1 + -8)
-11
Evaluate (-1 - -11) + (53 + -31 - 31) - 7.
-6
Calculate -408 + 406 + (0 - -21).
19
Evaluate -10 - (-179 + 160 + (-10 - 1)).
20
Evaluate 2 + (2 - 12) + -81 + 78.
-11
Evaluate -12 + 0 - (-740 - -709).
19
What is the value of (0 - 6) + -227 + 211?
-22
What is (12 - 3) + (-9 - 18 - -2)?
-16
(-6 + 6 + (-9 - -5) - 37) + 9
-32
What is the value of -21 + 3 + -10 + 15 + -11?
-24
Calculate 3 + -1 + -3 + (-73 - -82).
8
Evaluate 8 - 6 - (9 + -8 - 10).
11
Calculate -2 + -4 - (10 + -39 + 19).
4
What is -7 - (2 - (-9 - 4 - -13))?
-9
What is -25 - -1 - (-510 - -516 - (1 + -6))?
-35
Calculate -15 - (22 + -64 - -17).
10
Evaluate (2 - (10 - 0)) + -5 - 4.
-17
What is 2 - -2 - (8 + (-5 - 12))?
13
What is the value of 7 + -4 + -21 - ((-36 - -7) + 19)?
-8
What is the value of -26 + 23 + 38 + -26?
9
What is the value of (4 - (-3 + (2 - 1))) + 5?
11
-4 + (12 + 5 + 7 - 13)
7
Evaluate -38 + -28 + (-22 - -58).
-30
402 + -451 + (21 - 0)
-28
Calculate -20 + (11 - 7) - -5.
-11
What is the value of -20 + (1 - -40) - (0 - -9)?
12
Evaluate -1 + -6 - (-21 + 29 + (3 - 25)).
7
-28 + 1 + 54 + -35
-8
Calculate (-18 - -13) + 6 + -4 + 18.
15
What is -2 + 2 - -2 - (-46 - -51)?
-3
Evaluate (-2 - 0 - -26 - -6) + (15 - 24).
21
Calculate (-15 - (-29 + 20)) + -2 - (-2 - 8).
2
What is the value of (-81 - -88) + -13 + 36?
30
What is -22 + -2 + -82 + 99?
-7
Evaluate -11 + -1 + (-7 - (-18 - -12)).
-13
What is 83 - 83 - (-1 - 5 - (5 + -3))?
8
Calculate -1 - (10 - (10 + -4)).
-5
(-1 - -7 - 4) + (-3 - (3 - 13))
9
-12 - 0 - (36 + -60)
12
Evaluate 1 - -1 - (-144 - -147).
-1
Calculate 10 + -23 + -10 + 3.
-20
(-3 - 7) + 1 + 5 - 7
-11
What is (-1 - -1) + (-322 + 314 - (2 - 0))?
-10
Evaluate (18 - 12 - -2) + -22.
-14
Evaluate (-1 + -2 - 0) + (543 - 529).
11
Evaluate 4 - (8 - ((0 - -7) + -3 - -3)).
3
What is 0 + -2 + 6 + (13 - (7 + -1))?
11
Evaluate -4 + 7 + -12 + 5 - -3.
-1
What is the value of -2 + -31 - (-248 + 235)?
-20
What is -1 + 1 + -1 + -7 + 14 + -21?
-15
What is the value of 3 + ((-30 - 0) + 5 - -11) + 44?
33
What is -29 - (-13 - -5) - (-1 - -3)?
-23
Evaluate -15 - (-4 - (11 + -14)) - 15.
-29
What is the value of 2 - ((4 - 6) + 8 + 4 + -1)?
-7
Evaluate 1 + -6 + 5 + -17 + (21 - 26).
-22
Calculate (-6 - (12 - (3 - -8) - 1)) + -5.
-11
Calculate (27 - (0 + 3)) + (4 - 10 - 2).
16
What is the value of -15 + 5 + 0 - (-27 + 5)?
12
Evaluate 744 + -742 + (0 - (-4 + 1 - -12)).
-7
Evaluate -1 - ((3 - (-7 + 4)) + 1 + 1).
-9
What is -12 + (12 - (11 - 8)) + 7?
4
What is the value of (-34 - -47 - (6 - -1)) + (-1 - -14)?
19
13 - -15 - (5 - -10)
13
Calculate 4 + 1 - (-19 + -36 + 58).
2
Evaluate 21 + -3 - (90 + -78).
6
Calculate -33 + 7 + (0 - (0 - 1 - 2)).
-23
What is the value of 25 + (0 - (15 - (5 + 4))) + -8?
11
What is the value of 7 + (-2 - -14) + -28 + 5?
-4
249 + -268 + (0 - -26)
7
Evaluate -8 - (17 - (14 + -6 - -3)).
-14
Calculate -16 - ((12 - -2) + -18).
-12
Evaluate (8 - -11) + (-11 - -3) + 2.
13
What is the value of (2 - -7 - (22 + -25)) + -3?
9
Calculate -27 - (-26 + (-13 - -5)).
7
Evaluate (-13 - -29) + -1 + -11 + 4 - 1.
7
Calculate 2 + -2 + -3 + (-7 - -10) - -12.
12
What is (-11 - 0 - -4) + -2 + -1 + 2?
-8
Calculate (14 + -2 - 11) + 22 + -1.
22
What is the value of 16 - (-50 + 27) - 12?
27
What is the value of -77 + 71 - (3 - (-1 - -5) - 0)?
-5
(13 - 11) + 16 + -35
-17
Evaluate (0 - -4) + (31 - 50) - -10.
-5
-17 - (-3 + 1 + -1 + -5)
-9
Evaluate (-7 - (-35 + 12 - -12)) + 0.
4
-2 + (-2 + -9 - 2) + 7 + -1
-9
Evaluate (37 - 26) + (5 - 15).
1
What is the value of 1 - -12 - (99 + -100)?
14
What is the value of 3 + (-17 + -2 - -26)?
10
What is 2 + -8 + -2 + -288 + 285?
-11
Evaluate 2 - -14 - (151 + -152).
17
Evaluate 3 + (1 - -1) - (6 + -7 - -5).
1
Calculate -5 + (4 - -1) + 22 + -9.
13
(-1 - 16) + 3 - (-25 + 20)
-9
10 + 13 + -43 + 12 - 15
-23
Evaluate (1 - -1) + (-599 - -586).
-11
Calculate 102 + (-13 - 78) + 4 + 0 + 0.
15
What is 40 + (2 - (3 - -2)) - (2 + 2)?
33
What is (0 + 0 - -7) + -8 + -8?
-9
What is the value of 57 + (23 - (-18 + 68))?
30
What is the value of -105 + 102 + (0 - 7) - (-4 - 0)?
-6
Calculate (-23 - -31) + -3 + (1 - 0).
6
Evaluate -5 - (-6 + 0 - 3).
4
What is the value of 49 - (-20 + 42 + 62)?
-35
(15 + 2 - -3) + (-23 - -33) + -5
25
Calculate 3 + -4 + -1 + 3 - (54 + -48).
-5
What is 8 - (14 - (7 + (2 - 1)))?
2
What is (24 + -18 - (-4 + -8)) + (-4 - 0)?
14
What is (15 - 14 - (1 - 13)) + 8?
21
What is the value of (0 - -28) + (295 - 305)?
18
Calculate -4 + -4 - -1 - 0 - -23.
16
What is -1 - (-21 + 21 + 13 + -24)?
10
-1 + 1 + 1 - (22 - 28)
7
(11 - 